 11. Give x(9).
7
Let v(d) be the second derivative of 3*d**5/20 - d**3/6 + 2*d**2 + 385*d - 2. Calculate v(-3).
-74
Suppose -33*u - 65 = -46*u. Let h = -1 - -2. Suppose u = -3*f - h. Let z(m) = -4*m - 1. Determine z(f).
7
Let g(n) = n + 3*n**2 + 3*n**2 - 219*n**3 - 3*n + 218*n**3 + 4 - 2*n. Suppose -4*z + 46 = q, 3*z - 26 - 17 = -5*q. Suppose -25 = -z*k + 6*k. Give g(k).
9
Let p be (-11 - 0)*((-896)/88)/(-28). Let y be (-5)/(-1)*(2 + -1). Let c(v) = 0*v**3 + y*v**2 + 5*v + v**3 + 0*v + 1. Determine c(p).
-3
Let a(f) = -f**2. Let v be -3*(3 + 33/(-9)). Suppose 0 = -13*u + 12*u + v. Suppose -u*o - 5*d = -4 - 4, o = -3*d + 5. Calculate a(o).
-1
Suppose 185 - 16 = 13*j. Let q(x) = -6*x + 21*x**2 - j + 18 - 16*x**2. Let c(o) = 9*o**2 - 12*o + 10. Let i(l) = -4*c(l) + 7*q(l). Calculate i(5).
0
Let m(w) = 2*w**3 - 3*w**2 - 5*w - 104. Let v(y) = y**3 + y**2 - y - 32. Let h(a) = -m(a) + 3*v(a). Suppose 2*j + 20 = s - 5*s, -5*j - 5*s = 40. Give h(j).
-4
Let w(t) = t**3 - 2*t. Let s(y) = -2*y**2. Let q(u) = 11*u**2 + 13*u - 48. Let o(k) = -q(k) - 5*s(k). Let r be o(-16). What is w(r)?
0
Let c(j) = -158*j**2 + 1424*j - 9. Let u be c(9). Let o(d) = d**3 - 9*d**2 + 6*d + 9. What is o(u)?
63
Let q(r) = -26*r - 6. Let d(h) = 6*h + 1. Let o(a) = 9*d(a) + 2*q(a). Give o(-1).
-5
Let d(m) be the third derivative of -m**4/24 - m**3/6 - 7880*m**2. Suppose 3*t = 7 + 5. Give d(t).
-5
Let v(r) be the second derivative of 5/12*r**4 + 1/20*r**5 + 2/3*r**3 + 0*r**2 + 0 + 12*r. Let j be v(-4). Let x(k) = -k**3 - k**2 + k + 8. Determine x(j).
8
Let f(l) = 5*l**2 + 11 - 5499*l + 2759*l - l**3 + 2753*l. What is f(7)?
4
Let n(c) be the second derivative of c**3/6 - c**2/2 + 16*c. Let f be 8/68 - 600/(-102). Give n(f).
5
Let f(u) be the first derivative of 5*u**2/2 - 11*u + 683. Calculate f(1).
-6
Let k be -27 + 18 - (-4 - (-7 - -1)). Let d(h) = 3*h**2 + 10*h - 6. Let m(v) = 13*v**2 + 40*v - 25. Let g(s) = 9*d(s) - 2*m(s). Give g(k).
7
Let q(j) = -13*j**2 - 2*j + 18. Suppose 31 = 5*z + 2*f, 0 = 3*z + 2*f - 20 - 5. Calculate q(z).
-105
Let q(k) be the second derivative of -k**5/20 + 3*k**4/4 + 11*k**3/6 - 11*k**2/2 + 2982*k. Calculate q(10).
-1
Let q(d) be the third derivative of d**4/12 - 17*d**3/3 - 1489*d**2. What is q(21)?
8
Let d(j) = 11*j + 2. Suppose 242*m - 240*m = -3*r - 19, -m - 5*r - 13 = 0. Calculate d(m).
-86
Let m(i) be the second derivative of -7*i**3/6 + i**2/2 + 309*i. Let z be (-18)/(-4)*14/(-21). Determine m(z).
22
Let k(h) = -4*h**2 - h - 44. Let g be k(-9). Let z = g - -362. Let b(d) = 3*d**2 + 0*d**2 - 6*d**2 - 4 + d**3. Determine b(z).
-4
Let p(l) = -l**2 + l. Suppose 0 = w - r + 1, -23 = 7*w - 2*w + r. Let n(o) = -3*o**2 - 6*o - 2. Let j(d) = w*p(d) + n(d). What is j(5)?
-27
Let u(p) be the second derivative of p**4/12 + 5*p**3/6 + 3*p**2 + 1402*p. What is u(-3)?
0
Let y(l) = 3*l**2 - 9*l + 1. Let g = 72 + -94. Let z be (102/187)/((-3)/g). Calculate y(z).
13
Let a(t) = -4*t**2 - t - 16. Suppose 5*g - 5 = -2*u, -3*u + 10*g + 25 = -0*u. What is a(u)?
-121
Let h(k) = 5*k**3 - 34*k**2 + 120*k - 69. Let p(l) = l**3 - 9*l**2 + 30*l - 17. Let i(b) = -2*h(b) + 9*p(b). Give i(-15).
-15
Let t(i) be the third derivative of 7/24*i**4 + 26*i**2 - 1/6*i**3 + 1/60*i**5 + 0*i + 0. Let a = -8 - 0. Give t(a).
7
Let g(o) = -50*o + 43 - 4*o**2 + 55*o + 5*o**2 - 48. What is g(-9)?
31
Let b be -1 + 160/112 - (-3)/(-7). Suppose -2*u + 21 = 2*s - s, 2*s + 10 = b. Let i(r) = -r**3 + 13*r**2 + r - 11. What is i(u)?
2
Let w(m) be the third derivative of -5*m**4/6 + m**3 - 2*m**2 + 240. Determine w(-2).
46
Let m(x) = -9*x + x + x**2 + 4 - 2. Let i(h) = -13*h + 17. Let z be i(0). Suppose j + u = 11, 9*j - 7*j = -u + z. Determine m(j).
-10
Suppose m - 3 = 5*x + 1, -3*x + 2*m = 1. Let q be 0/(-3 + x) - -3. Let n(b) = b**2 - 9*b**q + 29*b**3 + 9 - 19*b**3. Calculate n(0).
9
Let w(r) be the third derivative of -r**6/120 + r**5/15 + r**4/24 - 11*r**3/6 + 1473*r**2. Give w(4).
-7
Suppose 4*t = -406 + 422. Let u(n) be the first derivative of -n**5/20 + 5*n**4/12 - 5*n**3/6 - n + 3. Let h(o) be the first derivative of u(o). Give h(t).
-4
Let h(s) = 8*s - 4. Suppose -1 = -11*j + 1 + 9. Give h(j).
4
Suppose 0 = 96*y - 81*y - 105. Let s(j) = 4*j + 5*j - j**2 + 0*j**2 - 10. Give s(y).
4
Suppose 0 = -12*x + 9*x + 486. Let s(h) = -h + 319 - x - 155. Give s(-10).
12
Let w(s) = -3*s - 30. Suppose 4*a = x - 34, 82*x - 4 = -2*a + 79*x. What is w(a)?
-9
Let h be (-10 - -9)*(2 + -13). Let o(c) = 10*c**2 - 1 - c**3 + 2 + 12*c - 7. Calculate o(h).
5
Let r(h) = -3*h. Suppose -8 = -2*p - 2. Let o(x) = 4*x**3 + 16 + 3*x**2 - 5*x**3 + p*x + 2*x - 22. Let j be o(4). What is r(j)?
6
Let m(l) = -152*l + 1973. Let p be m(13). Let o(c) = 2*c**3 + 5*c**2 - 2*c + 2. What is o(p)?
-1
Suppose 4*z + 22 + 1 = 3*a, -3*z = 3*a - 51. Let b(k) = -2*k - 15 - 11 + 11 + 43 - 6. Determine b(a).
-4
Let g(w) = 2531*w - 2526*w + 24 - 3. Let a be g(-6). Let d(r) = -r + 3. Give d(a).
12
Suppose -2*v + 6*v = 80. Suppose 4*b - v = -b, 5*b - 22 = -g. Let z(p) = 5*p**2 - p - 1. Give z(g).
17
Let m(h) be the first derivative of 10/3*h**3 - 1/6*h**4 + 0*h**2 + 0*h - 1/120*h**5 - 2. Let s(i) be the third derivative of m(i). Give s(-6).
2
Let a(d) = 1402*d + 34 - 695*d - 702*d. Determine a(-8).
-6
Let l be -21 + 22 - (-2 + 1). Let m be (17 + -19)*(0 - l/1). Let r(u) = 2*u - 6. Determine r(m).
2
Suppose -7*q - 6 = -22 + 2. Let j(z) be the first derivative of 14 + 1/2*z**q + z. What is j(-1)?
0
Let n(f) = 2 - 1 + 2. Let z(d) = d + 9. Let y be (-44)/8*2*(-2 - -1). Let k(h) = y*n(h) - 4*z(h). Calculate k(-3).
9
Let q(k) = -7*k**3 - 3*k**2 - 2*k + 2. Let g(d) = -36*d**3 - 16*d**2 - 12*d + 10. Let f(r) = -2*g(r) + 11*q(r). Calculate f(-2).
34
Let a(g) be the third derivative of -g**5/60 + g**4/3 - 2*g**3/3 + 35*g**2. Let n(b) be the first derivative of a(b). What is n(6)?
-4
Suppose 0 = -4*n + 42 - 18. Let v(u) = -11*u + 1. Let i(x) = x. Let o(h) = n*i(h) + v(h). Let z be ((-2)/(-4))/(10/40). Give o(z).
-9
Let l = -2410 + 2412. Let q(x) be the third derivative of 0*x - 1/120*x**6 - 1/2*x**3 - 1/3*x**4 + 16*x**l + 0 + 1/6*x**5. Calculate q(9).
6
Let b(t) be the second derivative of -t**4/6 + t**3/6 - t**2 + 4448*t. Determine b(-3).
-23
Suppose 9*l - 27*l = -36. Suppose -2*k = -l*c - 6, -15 = 2*k - 3*k - 2*c. Let i(u) = u**3 - 6*u**2 - 8*u + 5. Calculate i(k).
-2
Let l be 15/(-24)*62/(-155). Let d(q) be the first derivative of 3*q**2 - 6*q - 5/3*q**3 + l*q**4 - 28. Determine d(4).
2
Let c(n) = -n**2 + 2. Let d(m) = m**3 + 14*m**2 - 18*m. Suppose 0*z + 10*z + 10 = 0. Let b(y) = z*d(y) + 3*c(y). What is b(-18)?
6
Let d(w) = w**2 + 8*w - 3. Let q(c) = -7 + 3*c - 18*c + 16*c + 21*c. Let b be q(0). Determine d(b).
-10
Let h be (-20)/(-45) + (192/(-27))/(-2). Suppose h*z + 5*n + 22 = 0, n - 5 = 2*z - 1. Let g(b) = -b**3 - 2*b**2 + 4*b + 4. Determine g(z).
1
Let g = 392 - 397. Let a(y) = y**2 - y + 2. Let o be a(0). Let d(k) = 2*k**2 + 5*k - 2*k - k**2 - o + 4*k. What is d(g)?
-12
Let l(j) = 1. Let d be (3/12)/(7/28). Let p(v) = v - 27. Let r(g) = d*p(g) + 2*l(g). What is r(13)?
-12
Let m be (80 + -115)*(-2)/7. Let i(r) = -8*r**2 - m*r + 18*r**3 + 13*r**3 - 38*r**3 + 6 + 8*r**3. What is i(9)?
-3
Let b(i) = 3*i**2 + 6*i + 8. Let v be b(-6). Let g(s) = 3 - 2 + 3 - 81*s + v*s. Give g(4).
0
Let t(o) = -2*o - 8. Suppose 0 = 6*s - 8 - 22. Suppose 2*m = 3*a - 10, 0 = 2*a + s*m + 36 - 11. Suppose a*u - 30 = 3*u. Give t(u).
12
Let g = -104 - -129. Suppose 0 = 5*f + g*f - 180. Let n(p) = 8*p - 8. Calculate n(f).
40
Let v be (-38)/(-9) + (-4)/18. Let n(o) be the first derivative of o**4/4 - 4*o**3/3 - o**2 - 5*o - 26277. What is n(v)?
-13
Let b(g) = -g**3 - 36*g**2 + 40*g + 116. Let w be b(-37). Let j(m) = -m**2 + 9*m - 2. What is j(w)?
18
Suppose -2*s + 2 = 0, 123 = -4*t - 9*s + 4*s. Let n be (1 - 3/(-2))*t/(-40). Let w(q) = 6*q - n*q**2 + 0*q**2 + 3*q**2 - 5*q - 4. Give w(3).
8
Let r(x) = -13*x**2 + 11 + 12*x**2 + 0*x + x. Suppose 4*s - 1 + 9 = 4*f, -3*s + 10 = 5*f. Suppose s = -16*o + 3*o + 8*o. What is r(o)?
11
Let k(g) be the second derivative of 47*g**3/6 - 113*g**2 + 527*g - 2. What is k(5)?
9
Let q(j) = 11*j**2 - 7 - 17 - 5*j + 50 + j. Let m(z) = -7*z**2 + 2*z - 17. Let n(b) = 8*m(b) + 5*q(b). Give n(-4).
-6
Let m(k) be the first derivative of 2*k**2 